/(-6) - (-333)/54. What is the highest common divisor of k and 18?
6
Suppose -4*q - 1 - 3 = 0. Let m = 4 - q. Suppose -35 = -0*u - u. What is the greatest common divisor of u and m?
5
Let w be 424/14 - (90/21 + -4). Calculate the greatest common divisor of w and 30.
30
Let g(l) = 2*l**2 - l. Let n be g(3). Calculate the highest common factor of 3 and n.
3
Let r(k) = -k**3 + 5*k**2 - k + 1. Let w = 12 + -9. Let m be r(w). What is the highest common divisor of 8 and m?
8
Suppose -2*m + 12 = -0*m - 4*q, 5*m = 5*q + 40. Calculate the highest common factor of 5 and m.
5
Let u(y) = -3*y**3 - 3*y**2 - y + 1. Let j be u(-2). Let v = j - 7. Calculate the highest common divisor of v and 8.
8
Let j = 4 + 24. Suppose -3*v = -3*u - 246, -5*u = -0*v - 3*v + 408. Let i = -39 - u. What is the greatest common factor of i and j?
14
Let q be (0/4 + 1)*54. Let y = q - 36. Calculate the highest common factor of 36 and y.
18
Let n = 30 + -16. What is the highest common divisor of 42 and n?
14
Let d = 28 + -21. Calculate the highest common divisor of 77 and d.
7
Let n(s) = -s**2 + s + 18. Let b be n(0). Let j(u) = u**3 + 7*u**2 - u - 4. Let z be j(-4). Let t = z - b. Calculate the highest common divisor of 12 and t.
6
Suppose 2*i - 8 = -2*p, -2 + 0 = -i. Let b be p*13*(-2)/(-4). Calculate the highest common divisor of b and 65.
13
Suppose 5*y - 4*w = 46, 0*w - 8 = 2*w. Calculate the greatest common divisor of y and 24.
6
Suppose -4*g = 3*s - 10, 4*g + 5*s + 0*s = 14. Calculate the highest common divisor of g and 1.
1
Suppose 0 = -3*k - 5 + 44. Suppose 2*d = 3*d + 8. Let f be 28/2*(-52)/d. What is the greatest common divisor of k and f?
13
Let x(g) = -g**3 - 3*g**2 - 4*g - 7. Let v be x(-3). What is the highest common factor of 20 and v?
5
Let f(q) = q - 9. Let i(g) = -g**2 + g - 1. Let o(r) = f(r) - i(r). Let j be o(6). What is the greatest common divisor of 7 and j?
7
Let i be (15/12)/(2/8). What is the highest common divisor of i and 2?
1
Suppose t + 3*t = 16. Suppose t + 76 = 4*w. Let l be ((-135)/(-81))/((-1)/(-3)). Calculate the greatest common divisor of l and w.
5
Let n(j) be the third derivative of -j**4/6 - 11*j**3/6 - 4*j**2. Let s be n(-9). What is the greatest common divisor of 10 and s?
5
Suppose 4*a - 27 = -3*w - a, 2*a - 18 = -3*w. Suppose 0 = -w*v - v + 125. Calculate the highest common factor of v and 5.
5
Suppose 0 = -4*u + 8*u + 4, 0 = -3*c + 4*u + 55. Calculate the greatest common divisor of 17 and c.
17
Suppose -k + 15 = -4*p, k = -0*p + 5*p + 14. Suppose 2*r - 5*i - 170 = r, -4*i = 5*r - 966. What is the greatest common divisor of r and k?
19
Suppose -4 = 4*n, -c + 4 + 7 = -2*n. Let v be (-4)/6 + 15/c. Let l be v*(-1)/2*-16. What is the greatest common factor of l and 20?
4
Suppose 4*o - 2*z + z = 57, 5*z = -5*o + 90. What is the greatest common divisor of 5 and o?
5
Suppose 64 = 5*g - 3*g. Let p be 4/(4 + 0 - 3). What is the highest common factor of p and g?
4
Let w = 32 + -6. Calculate the highest common factor of 26 and w.
26
Let o be ((-8)/14)/((-18)/(-63)). Let u = -561 + 336. Let f be (4/o)/(9/u). What is the highest common factor of f and 20?
10
Suppose 2*l = -0*j + 5*j - 104, -10 = -j - 5*l. What is the highest common factor of 5 and j?
5
Let p = 197 - 78. Let v be -2*2/(-8)*6. Suppose -5*x - 2*f + 51 = -2*x, 0 = v*f. Calculate the greatest common factor of p and x.
17
Suppose 11*k + 36 = 2610. Calculate the greatest common divisor of 26 and k.
26
Let k(g) = g**3 + 21*g**2 + 18*g - 38. Let c be k(-20). What is the highest common factor of c and 10?
2
Suppose -21 = -4*g - 2*t + 9, -18 = -4*g + 2*t. Let r(x) = 10*x + 2. Let k be r(4). Calculate the highest common divisor of g and k.
6
Let x(o) = -3*o - 14. Let s be x(-12). Suppose -3*q + 6*q + 4*v = 14, 5*q - 3*v - 4 = 0. Calculate the highest common factor of q and s.
2
Let g be 38*1/2*1. Suppose 4 = -5*a + 194. What is the greatest common factor of g and a?
19
Suppose -2*q - 10 - 10 = -2*v, 3*v - 30 = 4*q. Let m = 62 - -18. Calculate the highest common factor of m and v.
10
Suppose 4*u - 3*u - 1 = 0. Let b be (u/(-2))/((-1)/(-8)). Let k be (-320)/(-18) + b/(-18). Calculate the greatest common factor of 9 and k.
9
Let c(w) = -4 - 6*w**3 + 4*w**3 + w**2 - 5*w - 4*w**2. Let g be c(-2). What is the highest common factor of g and 4?
2
Let d = -29 - -37. What is the highest common divisor of 72 and d?
8
Let d be (11/(-4))/((-5)/80). What is the greatest common divisor of d and 66?
22
Suppose -5*m + 2*o = -710, -4*m + 395 = 3*o - 196. What is the highest common divisor of m and 18?
18
Let n = 0 + 5. Suppose -o + n*o = 56. What is the greatest common factor of 154 and o?
14
Let h(a) be the second derivative of a**5/20 + a**4/12 + a**3/3 + 35*a**2 + 2*a. Let g be h(0). What is the greatest common factor of g and 10?
10
Let s = 66 - 153. Let w = 167 + s. Calculate the greatest common factor of 16 and w.
16
Suppose -7*n + 12 + 2 = 0. Calculate the highest common factor of 1 and n.
1
Let t(h) = -3*h + 2. Let z be t(2). Let w be 1/z + 25/4. Calculate the greatest common factor of w and 9.
3
Let l be (-3 + 4)/(1/3). Suppose x - 5*h = 5, 5*x = -0*h - l*h + 25. Suppose -4*p + 18 = 2*b, 5*b - 59 = -5*p + 1. What is the highest common factor of b and x?
5
Let n(y) = -y**3 - 8*y**2 - 2*y - 8. Let i be n(-8). Suppose -3*w + i*w - 20 = 0. What is the greatest common factor of w and 6?
2
Let k be ((-5)/((-10)/16))/1. Suppose 4*p + 60 = k*p. Calculate the greatest common divisor of 135 and p.
15
Suppose 0*z - 64 = -z. What is the highest common divisor of z and 8?
8
Let p be (-568)/(-28)*13 - (-2)/7. Calculate the highest common factor of 24 and p.
24
Suppose 0 = -2*d + o + 274, o - 3*o = -3*d + 413. What is the highest common divisor of d and 81?
27
Let u = 231 + -111. Suppose 0*n + 15 = n. Calculate the highest common divisor of n and u.
15
Suppose -2*o = -r + 46, 9*r - 4*o = 4*r + 218. What is the greatest common factor of 189 and r?
21
Let m be (-110)/(-33) + (2 - (-14)/(-6)). Calculate the greatest common divisor of m and 9.
3
Suppose 0 = 4*q - 37 - 27. Calculate the greatest common factor of 64 and q.
16
Suppose 3 = 6*d - 39. Let c be (14/(-4))/((-7)/70). What is the greatest common divisor of d and c?
7
Suppose -4*c - 76 = -p, -4*p + 669 = 4*c + 265. What is the highest common divisor of 12 and p?
12
Let w be (4 + (-1 - 1))*8. Let i(h) = -2*h**2 + 25*h**3 + 0*h**2 + 1 + 0*h**2. Let z be i(1). What is the highest common factor of z and w?
8
Suppose -38 = 2*k - 0*k. Let r = k + 35. Calculate the greatest common factor of r and 64.
16
Let l = 2 - -142. Let w be (-34)/(-2) - (-1 + 2). What is the highest common factor of l and w?
16
Let q(p) = -p**3 + 11*p**2 + 2. Let a be q(8). Suppose h + 281 = 3*b - h, 0 = -2*b + 3*h + a. What is the highest common factor of 13 and b?
13
Suppose -o + 7 + 15 = 0. What is the highest common factor of o and 11?
11
Let a be (-16)/(-6)*18/(-8). Let j be (-112)/(-12) - (-2)/a. Calculate the highest common divisor of 27 and j.
9
Suppose -5*y + 2*h + 125 = 0, -8*h = y - 3*h - 52. Let r = 49 + -31. Calculate the highest common factor of r and y.
9
Let a(s) = 0*s - 1 - 2*s - 6*s. Let z be a(-1). Calculate the greatest common factor of z and 14.
7
Let q be 4/(-10) - (-72)/30. Suppose 26 - 90 = -q*f. What is the highest common factor of 16 and f?
16
Suppose -2*v = 1 - 49. What is the highest common divisor of v and 24?
24
Let i(q) = -3*q**3 - 3*q**2 - 4*q - 2. Let y be (1/2)/(3/(-12)). Let c be i(y). What is the highest common divisor of c and 198?
18
Let y = 1 + 2. Let r = y + -3. Suppose 0 = -4*p - r*p + 4*k, 0 = -2*p + 5*k - 15. Calculate the greatest common factor of 40 and p.
5
Suppose -t + 22 = 2*j - 18, -4*t - j = -125. Calculate the greatest common factor of 120 and t.
30
Let z(q) = -q**3 - 10*q**2 - 4*q - 1. Let v be z(-10). Let w be 2*1 + -2 + 26. What is the highest common divisor of v and w?
13
Let p be 90/(-20)*(-62 - (1 - 1)). What is the greatest common divisor of 31 and p?
31
Suppose 4*c - 4*p = 0, 0*p - 4*p + 24 = 4*c. Calculate the highest common factor of c and 33.
3
Let o(z) = -z + 18. Let w be o(13). Suppose -w*q + 160 = -80. Calculate the highest common divisor of q and 12.
12
Suppose 15 = -3*a, -z + 3*a - a + 94 = 0. Let k be (z/10)/(2/10). What is the h